{"id":176,"date":"2017-02-19T09:28:51","date_gmt":"2017-02-19T09:28:51","guid":{"rendered":"http:\/\/an.captcha.com.co\/?page_id=176"},"modified":"2019-10-16T22:15:23","modified_gmt":"2019-10-17T03:15:23","slug":"costa-rica","status":"publish","type":"page","link":"https:\/\/www.aciamericas.coop\/xxiconferencia\/pages\/costa-rica\/","title":{"rendered":"Oferta Tur\u00edstica"},"content":{"rendered":"<div  class=\"one withsmallpadding ppb_header \" style=\"padding-bottom:40px !important;text-align:left;padding:70px 0 70px 0;background-color:#000000;color:#ffffff;\" >\n<div class=\"standard_wrapper\">\n<div class=\"page_content_wrapper\">\n<div class=\"inner\">\n<div style=\"margin:auto;width:70%\">\n<h2 class=\"ppb_title\" style=\"color:#ffffff;;text-align:left;\">Acerca de costa Rica<\/h2>\n<div class=\"ppb_header_content\">\n<p>Costa Rica est\u00e1 ubicada en Centroam\u00e9rica, territorio que est\u00e1 unido con Am\u00e9rica del Norte y Am\u00e9rica del Sur.<\/p>\n<\/div>\n<\/div>\n<\/div>\n<\/div>\n<\/div>\n<\/div>\n<div  class=\"one withsmallpadding ppb_header parallax withbg \" style=\"background-image:url(https:\/\/www.aciamericas.coop\/xxiconferencia\/wp-content\/uploads\/2019\/04\/san-jose-costa-rica.jpg);background-position: center center;text-align:center;padding:40px 0 40px 0;\" >\n<div class=\"overlay_background\" style=\"background:#000000;background:rgb(0,0,0,0.3);background:rgba(0,0,0,0.3);\"><\/div>\n<div class=\"standard_wrapper\">\n<div class=\"page_content_wrapper\">\n<div class=\"inner\">\n<div style=\"margin:auto;width:100%\">\n<h2 class=\"ppb_title\" style=\";text-align:center;\">Oferta Turistica<\/h2>\n<div class=\"ppb_header_content\">\n<p style=\"text-align: center;\"><a class=\"button large\" href=\"https:\/\/www.aciamericas.coop\/xxiconferencia\/wp-content\/uploads\/2019\/10\/presentacion-marbella.pdf\">Descargar documento<\/a><\/p>\n<\/div>\n<\/div>\n<\/div>\n<\/div>\n<\/div>\n<\/div>\n<div  class=\"one ppb_card_two_cols_with_image\" style=\"position:relative;padding:40px 0 40px 0;\" >\n<div class=\"standard_wrapper\">\n<div class=\"page_content_wrapper\">\n<div class=\"inner\">\n<div class=\"one_half parallax_scroll_image\" style=\"width:65%;\">\n<div class=\"image_classic_frame expand\">\n<div class=\"image_wrapper\"><img decoding=\"async\" src=\"https:\/\/www.aciamericas.coop\/xxiconferencia\/wp-content\/uploads\/2019\/10\/logo-marbella-ALTA-2.jpg\" alt=\"\" class=\"portfolio_img\"\/><\/div>\n<\/div>\n<\/div>\n<div class=\"one_half last parallax_scroll\" style=\"width:40%;position:absolute;padding:40px;background:#fff;\" data-stellar-ratio=\"1.3\">\n<h2 class=\"ppb_title\" style=\"\">Agencia de Turismo<\/h2>\n<div class=\"ppb_header_content\">\n<p>Flor Araya<br \/>\nVentas Marbella Tours<br \/>\nventas@marbellatours.com<br \/>\n+( 506) 2227 0101<\/p>\n<\/div>\n<\/div>\n<p><br class=\"clear\"\/><\/div>\n<\/div>\n<\/div>\n<\/div>\n<div  class=\"one withsmallpadding ppb_header \" style=\"padding-bottom:0 !important;text-align:center;padding:70px 0 70px 0;background-color:#3f1379;color:#ffffff;\" >\n<div class=\"standard_wrapper\">\n<div class=\"page_content_wrapper\">\n<div class=\"inner\">\n<div style=\"margin:auto;width:70%\">\n<h2 class=\"ppb_title\" style=\"color:#ffffff;;text-align:center;\">Que descubrir en Costa Rica<\/h2>\n<div class=\"page_tagline\" style=\"color:#ffffff;;text-align:center;\">Costa Rica est\u00e1 ubicada en Centroam\u00e9rica, territorio que est\u00e1 unido con Am\u00e9rica del Norte y Am\u00e9rica del Sur.<\/div>\n<\/div>\n<\/div>\n<\/div>\n<\/div>\n<\/div>\n<div  class=\"one withsmallpadding ppb_text\" style=\"text-align:center;padding:50px 0 50px 0;background-color:#3f1379;color:#ffffff !important;\" >\n<div class=\"standard_wrapper\">\n<div class=\"page_content_wrapper\">\n<div class=\"inner\">\n<div style=\"margin:auto;width:100%\">\n<div class=\"one_half \" style=\"\">\n<img loading=\"lazy\" decoding=\"async\" class=\"alignnone wp-image-582 size-full\" src=\"https:\/\/www.aciamericas.coop\/xxiconferencia\/wp-content\/uploads\/2019\/05\/MalPais_6.jpg\" alt=\"\" width=\"768\" height=\"512\" \/><br \/>\nMal Pais\n<\/div>\n<div class=\"one_half last \" style=\"\">\n<img loading=\"lazy\" decoding=\"async\" class=\"alignnone size-full wp-image-691\" src=\"https:\/\/www.aciamericas.coop\/xxiconferencia\/wp-content\/uploads\/2019\/05\/ManuelAntonio_28.jpg\" alt=\"\" width=\"768\" height=\"512\" \/><br \/>\nManuel Antonio\n<\/div>\n<p><br class=\"clear\"\/><br \/>\n<strong>Limita al norte con Nicaragua y al sur con Panam\u00e1. Por su posici\u00f3n, predomina el clima c\u00e1lido<\/strong>;<\/p>\n<div class=\"one_half \" style=\"\">\n<img loading=\"lazy\" decoding=\"async\" class=\"alignnone size-full wp-image-580\" src=\"https:\/\/www.aciamericas.coop\/xxiconferencia\/wp-content\/uploads\/2019\/05\/CatarataLaCangreja_1.jpg\" alt=\"\" width=\"768\" height=\"512\" \/><br \/>\nCatarata La Cangreja\n<\/div>\n<div class=\"one_half last \" style=\"\">\n<img loading=\"lazy\" decoding=\"async\" class=\"alignnone size-full wp-image-689\" src=\"https:\/\/www.aciamericas.coop\/xxiconferencia\/wp-content\/uploads\/2019\/05\/Manzanillo_29.jpg\" alt=\"\" width=\"768\" height=\"512\" \/><br \/>\nManzanillo\n<\/div>\n<p><br class=\"clear\"\/><br \/>\n<strong>Sin embargo, se pueden encontrar muchos microclimas diferentes a lo largo y ancho del pa\u00eds.<\/strong><\/p>\n<div class=\"one_half \" style=\"\">\n<img loading=\"lazy\" decoding=\"async\" class=\"alignnone size-full wp-image-697\" src=\"https:\/\/www.aciamericas.coop\/xxiconferencia\/wp-content\/uploads\/2019\/05\/PLAYA-Guiones_9.jpg\" alt=\"\" width=\"768\" height=\"512\" \/><br \/>\nPlaya guiones<\/p>\n<\/div>\n<div class=\"one_half last \" style=\"\">\n<img loading=\"lazy\" decoding=\"async\" class=\"alignnone size-full wp-image-698\" src=\"https:\/\/www.aciamericas.coop\/xxiconferencia\/wp-content\/uploads\/2019\/05\/Punta-Uva_5.jpg\" alt=\"\" width=\"768\" height=\"512\" \/><br \/>\nPunta Uva<\/p>\n<\/div>\n<p><br class=\"clear\"\/><\/p>\n<h1 style=\"text-align: center;\"><span style=\"color: #ffffff;\"><strong>\u00bfSab\u00edas que&#8230;..?<\/strong><\/span><\/h1>\n<p style=\"text-align: justify;\"><strong>Los Crestones del Parque Nacional Chirrip\u00f3 son el s\u00edmbolo nacional de la riqueza natural de Costa Rica. <\/strong><strong>La distancia entre el Oc\u00e9ano Pac\u00edfico y el Mar Caribe es de aproximadamente 322 km2. \u00a0<\/strong><strong>En Costa Rica se puede disfrutar en un mismo d\u00eda de paisajes y microclimas diferentes.<\/strong><\/p>\n<\/div>\n<\/div>\n<\/div>\n<\/div>\n<\/div>\n","protected":false},"excerpt":{"rendered":"<p>Acerca de costa Rica Costa Rica est\u00e1 ubicada en Centroam\u00e9rica, territorio que est\u00e1 unido con Am\u00e9rica del Norte y Am\u00e9rica del Sur. Oferta Turistica Descargar documento Agencia de Turismo Flor Araya Ventas Marbella Tours ventas@marbellatours.com +( 506) 2227 0101 Que [&hellip;]<\/p>\n","protected":false},"author":1,"featured_media":0,"parent":95,"menu_order":0,"comment_status":"closed","ping_status":"closed","template":"","meta":{"footnotes":""},"class_list":["post-176","page","type-page","status-publish","hentry"],"_links":{"self":[{"href":"https:\/\/www.aciamericas.coop\/xxiconferencia\/wp-json\/wp\/v2\/pages\/176"}],"collection":[{"href":"https:\/\/www.aciamericas.coop\/xxiconferencia\/wp-json\/wp\/v2\/pages"}],"about":[{"href":"https:\/\/www.aciamericas.coop\/xxiconferencia\/wp-json\/wp\/v2\/types\/page"}],"author":[{"embeddable":true,"href":"https:\/\/www.aciamericas.coop\/xxiconferencia\/wp-json\/wp\/v2\/users\/1"}],"replies":[{"embeddable":true,"href":"https:\/\/www.aciamericas.coop\/xxiconferencia\/wp-json\/wp\/v2\/comments?post=176"}],"version-history":[{"count":80,"href":"https:\/\/www.aciamericas.coop\/xxiconferencia\/wp-json\/wp\/v2\/pages\/176\/revisions"}],"predecessor-version":[{"id":1525,"href":"https:\/\/www.aciamericas.coop\/xxiconferencia\/wp-json\/wp\/v2\/pages\/176\/revisions\/1525"}],"up":[{"embeddable":true,"href":"https:\/\/www.aciamericas.coop\/xxiconferencia\/wp-json\/wp\/v2\/pages\/95"}],"wp:attachment":[{"href":"https:\/\/www.aciamericas.coop\/xxiconferencia\/wp-json\/wp\/v2\/media?parent=176"}],"curies":[{"name":"wp","href":"https:\/\/api.w.org\/{rel}","templated":true}]}}